es 3 divide 1321?
False
Does 11 divide 481?
False
Is 11316 a multiple of 69?
True
Does 10 divide 20560?
True
Is 31 a factor of 20367?
True
Is 20 a factor of 4470?
False
Is 96 a factor of 1440?
True
Is 21 a factor of 1196?
False
Does 46 divide 45448?
True
Does 14 divide 3169?
False
Is 6705 a multiple of 149?
True
Is 123 a multiple of 41?
True
Is 64 a factor of 12687?
False
Does 29 divide 22618?
False
Does 24 divide 14712?
True
Does 180 divide 78480?
True
Is 59920 a multiple of 11?
False
Is 81 a factor of 1832?
False
Does 7 divide 18272?
False
Is 701 a multiple of 13?
False
Is 1936 a multiple of 25?
False
Is 15 a factor of 638?
False
Is 25 a factor of 7350?
True
Does 18 divide 1903?
False
Does 9 divide 21923?
False
Is 110 a multiple of 4?
False
Does 21 divide 524?
False
Is 4 a factor of 76?
True
Is 8 a factor of 2936?
True
Is 72576 a multiple of 48?
True
Does 5 divide 8214?
False
Is 16235 a multiple of 17?
True
Is 21 a factor of 7538?
False
Is 324 a multiple of 54?
True
Is 57613 a multiple of 7?
False
Does 13 divide 2093?
True
Is 30605 a multiple of 41?
False
Is 46 a factor of 46?
True
Does 22 divide 5355?
False
Is 2 a factor of 1261?
False
Does 12 divide 3031?
False
Is 1747 a multiple of 37?
False
Is 18 a factor of 9391?
False
Does 4 divide 13808?
True
Is 84 a factor of 638?
False
Does 9 divide 14307?
False
Does 9 divide 882?
True
Does 10 divide 1181?
False
Is 326 a multiple of 42?
False
Is 512 a multiple of 64?
True
Is 10 a factor of 790?
True
Is 61 a factor of 1333?
False
Is 53 a factor of 742?
True
Does 14 divide 16833?
False
Is 3 a factor of 1166?
False
Does 61 divide 73998?
False
Does 8 divide 1120?
True
Does 56 divide 1512?
True
Does 4 divide 641?
False
Is 7321 a multiple of 46?
False
Is 44 a factor of 61423?
False
Is 13390 a multiple of 130?
True
Is 36 a factor of 5202?
False
Is 57816 a multiple of 11?
True
Is 960 a multiple of 8?
True
Does 24 divide 1444?
False
Does 3 divide 173?
False
Is 10 a factor of 150?
True
Is 26 a factor of 1408?
False
Is 11 a factor of 4679?
False
Is 66 a factor of 34914?
True
Is 4 a factor of 1612?
True
Is 18 a factor of 263?
False
Does 21 divide 3465?
True
Does 127 divide 1814?
False
Does 12 divide 43056?
True
Does 226 divide 84298?
True
Is 10 a factor of 3170?
True
Is 8 a factor of 16624?
True
Is 24 a factor of 706?
False
Does 171 divide 65586?
False
Is 7 a factor of 6909?
True
Does 54 divide 5136?
False
Is 16 a factor of 19106?
False
Is 136 a factor of 36312?
True
Is 495 a multiple of 3?
True
Is 2682 a multiple of 18?
True
Is 233 a factor of 13250?
False
Is 146 a factor of 21024?
True
Does 39 divide 13494?
True
Does 9 divide 603?
True
Is 3978 a multiple of 78?
True
Does 140 divide 2970?
False
Is 13767 a multiple of 3?
True
Does 286 divide 121264?
True
Is 3 a factor of 6?
True
Does 16 divide 133?
False
Is 59 a factor of 21063?
True
Does 10 divide 100?
True
Is 24 a factor of 2008?
False
Is 48 a factor of 384?
True
Is 827 a multiple of 60?
False
Is 4560 a multiple of 19?
True
Does 81 divide 24018?
False
Does 17 divide 5102?
False
Is 38 a factor of 7334?
True
Is 94 a factor of 9870?
True
Is 988 a multiple of 76?
True
Is 7982 a multiple of 307?
True
Does 16 divide 2896?
True
Does 9 divide 180?
True
Does 32 divide 4544?
True
Is 66 a factor of 13876?
False
Is 2166 a multiple of 18?
False
Does 97 divide 1746?
True
Does 43 divide 306?
False
Is 4080 a multiple of 85?
True
Does 10 divide 34774?
False
Is 6 a factor of 408?
True
Is 25 a factor of 7175?
True
Is 4949 a multiple of 49?
True
Is 47 a factor of 1844?
False
Is 612 a multiple of 18?
True
Does 4 divide 172?
True
Is 343 a multiple of 7?
True
Is 378 a multiple of 18?
True
Is 53 a factor of 22260?
True
Is 31 a factor of 11346?
True
Does 54 divide 8493?
False
Is 54 a factor of 7464?
False
Does 43 divide 2064?
True
Is 19 a multiple of 15?
False
Is 48 a factor of 3504?
True
Is 18 a factor of 438?
False
Is 34 a factor of 564?
False
Is 55 a factor of 3017?
False
Does 42 divide 11164?
False
Is 22 a factor of 2198?
False
Does 125 divide 42693?
False
Is 8515 a multiple of 98?
False
Is 12 a factor of 15380?
False
Is 215 a multiple of 80?
False
Is 30498 a multiple of 17?
True
Is 876 a multiple of 13?
False
Does 48 divide 2832?
True
Is 7196 a multiple of 42?
False
Does 43 divide 1247?
True
Is 209820 a multiple of 13?
True
Is 1868 a multiple of 4?
True
Is 187 a factor of 15724?
False
Does 70 divide 4420?
False
Is 92 a factor of 8372?
True
Does 5 divide 50?
True
Does 11 divide 20114?
False
Is 276 a multiple of 23?
True
Does 12 divide 2232?
True
Is 2576 a multiple of 161?
True
Does 10 divide 100?
True
Does 44 divide 7227?
False
Does 259 divide 28776?
False
Does 139 divide 1668?
True
Does 17 divide 714?
True
Is 782 a multiple of 50?
False
Is 17370 a multiple of 34?
False
Does 33 divide 9056?
False
Does 91 divide 32032?
True
Is 1097 a multiple of 42?
False
Is 676 a multiple of 4?
True
Is 1296 a multiple of 20?
False
Is 14129 a multiple of 109?
False
Does 7 divide 322?
True
Is 25 a factor of 1450?
True
Does 75 divide 4619?
False
Does 22 divide 3879?
False
Is 54 a multiple of 23?
False
Is 7886 a multiple of 22?
False
Does 15 divide 151?
False
Is 709 a multiple of 5?
False
Is 727 a multiple of 19?
False
Does 23 divide 122?
False
Is 8096 a multiple of 16?
True
Is 912 a multiple of 24?
True
Is 411 a multiple of 3?
True
Is 4 a factor of 76?
True
Is 2168 a multiple of 2?
True
Does 24 divide 2952?
True
Does 14 divide 10216?
False
Does 26 divide 78699?
False
Does 44 divide 73700?
True
Does 20 divide 3360?
True
Is 162 a multiple of 6?
True
Does 11 divide 209?
True
Is 7484 a multiple of 155?
False
Is 73 a factor of 15186?
False
Is 5555 a multiple of 111?
False
Does 7 divide 245?
True
Is 4048 even?
True
Does 20 divide 7160?
True
Is 14 a factor of 187?
False
Does 25 divide 1312?
False
Does 24 divide 79536?
True
Is 8 a factor of 640?
True
Does 18 divide 6185?
False
Does 3 divide 1564?
False
Is 6860 a multiple of 28?
True
Is 24 a factor of 864?
True
Does 12 divide 841?
False
Is 1175 a multiple of 55?
False
Is 440 a multiple of 13?
False
Does 11 divide 17017?
True
Is 8 a factor of 3856?
True
Is 13 a factor of 23205?
True
Is 23310 a multiple of 222?
True
Is 51 a factor of 1173?
True
Is 6565 a multiple of 2?
False
Is 390 a multiple of 5?
True
Does 8 divide 18960?
True
Is 3 a factor of 161?
False
Is 2 a factor of 4921?
False
Is 1092 a multiple of 14?
True
Does 24 divide 13632?
True
Is 10 a factor of 750?
True
Does 24 divide 2112?
True
Does 53 divide 22260?
True
Is 9520 a multiple of 56?
True
Is 25305 a multiple of 221?
False
Is 5363 a multiple of 3?
False
Does 19 divide 126996?
True
Does 12 divide 1275?
False
Is 123 a multiple of 2?
False
Is 5 a factor of 1253?
False
Does 36 divide 72?
True
Is 14 a factor of 82?
False
Does 90 divide 12330?
True
Is 23 a factor of 6026?
True
Is 12 a factor of 54228?
True
Is 14 a factor of 11200?
True
Does 44 divide 1628?
True
Is 5 a factor of 10?
True
Is 2 a factor of 757?
False
Does 36 divide 9864?
True
Is 1946 a multiple of 139?
True
Is 10169 even?
False
Does 213 divide 742?
False
Does 43 divide 840?
False
Does 43 divide 645?
True
Is 60 a factor of 849?
False
Does 11 divide 44?
True
Does 88 divide 7304?
True
Is 61 a factor of 4148?
True
Is 17 a factor of 15509?
False
Is 1560 a multiple of 104?
True
Is 46 a factor of 622?
False
Is 4 a factor of 5446?
False
Is 637 a multiple of 49?
True
Is 2455 a multiple of 44?
False
Is 79 a factor of 50867?
False
Is 4060 a multiple of 12?
False
Is 13 a factor of 1170?
True
Is 340 a multiple of 34?
True
Is 51 a factor of 5773?
False
Does 45 divide 1799?
False
Is 2163 a multiple of 4?
False
Is 4550 a multiple of 7?
True
Is 12 a factor of 1034?
False
Is 41 a factor of 37873?
False
Does 147 divide 2205?
True
Is 5309 a multiple of 64?
False
Is 10 a factor of 1290?
True
Is 400 a multiple of 25?
True
Is 17 a multiple of 3?
False
Is 5488 a multiple of 14?
True
Is 21362 a multiple of 6?
False
Is 20 a factor of 327?
False
Is 5 a factor of 6395?
True
Does 32 divide 136365?
False
Is 5553 a multiple of 16?
False
Is 6 a factor of 74?
False
Does 27 divide 864?
True
Does 60 divide 3096?
False
Does 15 divide 2655?
True
Is 572 a multiple of 166?
False
Is 190 a multiple of 2?
True
Does 5 divide 340?
True
Is 8 a factor of 3504?
True
Is 156 a multip